
Suppose -49 = -2*b - 19. Calculate the remainder when 56 is divided by b.
11
Suppose -2*q - 3*n = -73 + 16, 5*q = -n + 136. What is the remainder when 186 is divided by q?
24
Let c = -30 + 115. Let s = -49 + c. Suppose v = -2*v + s. What is the remainder when 23 is divided by v?
11
Let q = 61 - 34. Calculate the remainder when q is divided by 5.
2
Let r(a) = -218*a**3 + a**2 - a - 1. Let n be r(-1). Let x = n + -138. What is the remainder when x is divided by 21?
18
Let s(y) = y**3 - 5*y**2 - 6*y + 7. Let w be s(8). Suppose 5*t + 41 = w. Let a = t + -2. What is the remainder when a is divided by 11?
9
Suppose -52*g + 48*g = -112. What is the remainder when g is divided by 15?
13
Let f = 1 + 33. Calculate the remainder when f is divided by 18.
16
Let a be 6 + (-3)/(3/2). Let j = -1 + a. What is the remainder when 5 is divided by j?
2
Suppose 0*r - 65 = -5*r. What is the remainder when 48 is divided by r?
9
Suppose -11 = -3*x - 5*u, -5*x + 2*u = u - 37. Let c be -2 + 3 + 1 + -2. Suppose -y + 0*y + 4 = c. Calculate the remainder when x is divided by y.
3
Let w(x) = 5 - 4 + 10*x - 1 + 6 - x**2. Let b be w(8). Let f = b - 8. Calculate the remainder when f is divided by 8.
6
Suppose -3*f + 4*a = -f + 32, -3*f - 4*a - 18 = 0. What is the remainder when (-2)/f - 162/(-15) is divided by 4?
3
Let t(g) = -2*g**2 + 56*g - 33. Calculate the remainder when t(26) is divided by (28/(-10) + 2)*-30.
23
Let r = -28 - -56. What is the remainder when r is divided by (-4)/6 - 188/(-12)?
13
Suppose -7 = -2*n + 5*r, 5*r + 24 - 6 = 3*n. Suppose 0 = -2*m - 1 - 3. Calculate the remainder when n is divided by m - (1 + 0 + -9).
5
Calculate the remainder when 80 is divided by (-8)/16*164/(-2).
39
Let f(y) = -y**2 - 10*y - 7. Calculate the remainder when 14 is divided by f(-8).
5
Suppose -i + 2*i - 14 = -3*o, o + 3*i - 2 = 0. Suppose -o = n, -4*r + 13 = n - 106. What is the remainder when r is divided by 11?
9
Suppose -2*c - 4 = -2*s - 2, 5*c - 5 = 3*s. What is the remainder when c is divided by 4?
0
Let r = 92 - 66. Calculate the remainder when r is divided by 7.
5
Let c = 31 - -26. What is the remainder when c is divided by 30?
27
Let x(u) = -12*u**3 - u**2 + 2*u. Calculate the remainder when x(-2) is divided by 18.
16
Suppose -101 = -10*a + 119. What is the remainder when 64 is divided by a?
20
Let i(b) = 2*b**3 + 3*b**2 + 4*b - 10. Let u(n) = -5*n**3 - 5*n**2 - 7*n + 21. Let g(j) = 7*i(j) + 3*u(j). Calculate the remainder when g(6) is divided by 19.
16
Let z = 46 + -29. Calculate the remainder when 30 is divided by z.
13
Calculate the remainder when (-3)/(-15) + (712/20)/2 is divided by 10.
8
Suppose -2*w - 5*w = -609. Calculate the remainder when w is divided by 22.
21
Suppose n = 2*s + s + 108, -480 = -5*n - 5*s. Calculate the remainder when n is divided by 20.
19
Suppose 0 = f - 12 - 0. Let n(r) = r**2 - 13*r + 15. What is the remainder when n(f) is divided by 1?
0
Let n = -11 - -16. Calculate the remainder when 44 is divided by (1 + n)/((-6)/(-15)).
14
Let c = 14 - 12. Suppose -q = -c*q + 19. What is the remainder when 35 is divided by q?
16
Let d = -19 + 24. Calculate the remainder when 14 is divided by d.
4
Let h = 13 + 17. Suppose 0 = -3*t - 3*q, -h + 5 = 5*q. What is the remainder when 12 is divided by t?
2
Suppose -3*a = -0*a. Suppose a = 2*w - 41 - 15. Calculate the remainder when w is divided by 15.
13
Suppose -5*s + 16 = 4*i, -3*i - 4 - 19 = -5*s. Suppose -2 = -s*u + 6. What is the remainder when 5 is divided by u?
1
Suppose 0 = 5*i + 10, 6*u - u - i = -13. Let d be 8/(-12) - 8/u. Suppose 31 = d*w - c, -64 = -5*w - 0*w - 2*c. Calculate the remainder when w is divided by 5.
4
Let i be (2/4)/((-5)/60). Let g = 2 - i. Calculate the remainder when 23 is divided by g.
7
Suppose -14 + 2 = -5*n + o, -2*o + 12 = 2*n. Let m(i) = -4 - 1 + 4 + i**3 - i**2 + 2*i. Calculate the remainder when m(n) is divided by 12.
11
Let r = 22 - 5. Calculate the remainder when 2091/68 + (-6)/8 + 1 is divided by r.
14
Let j(u) = -u**3 + 13*u**2 + 15*u - 5. What is the remainder when 24 is divided by j(14)?
6
Let x = 0 - 0. Let b = 9 + x. What is the remainder when 26 is divided by b?
8
Let a be 0*(-3)/6 - -6. Suppose -4*s = -2*r - 42, -s = -a*r + 2*r + 7. Suppose 4*i - 31 - s = 0. What is the remainder when i is divided by 4?
3
Let o(h) = -h**2 + 6*h - 2. Let s be o(4). Suppose -i = 2 - s. Suppose 2*w - i + 2 = 0. Calculate the remainder when w is divided by 1.
0
Let v be ((-12)/(-10))/((-3)/(-10)). Suppose v*j - 3*j = 3. Let i(l) = l**3 + l**2 - 3. Calculate the remainder when i(j) is divided by 17.
16
Let z = 6 - 11. Let k = z - -23. Let b = -30 - -64. What is the remainder when b is divided by k?
16
Calculate the remainder when 75 is divided by 24/(-40) - 103/(-5).
15
Let q be ((-3)/12)/((-3)/12). Let n = 16 - q. Let t = -62 + 105. Calculate the remainder when t is divided by n.
13
Let p(j) = 2*j + 6. Suppose 3*v - 2*c = 3*c - 37, 14 = -2*v - 2*c. Let g be p(v). Let k = 26 + g. What is the remainder when 40 is divided by k?
12
Suppose 0*n = -2*n + 4. Let t = 18 + -4. What is the remainder when 2 + (1 - n) + 39 is divided by t?
12
Let m(u) = -u**2 - 5*u + 4. Suppose -5*y = 4*i - 17, 0 = -4*y - 18 + 6. Let x = i - 13. Calculate the remainder when 10 is divided by m(x).
2
Let o(t) = t - 6. What is the remainder when 23 is divided by o(14)?
7
Calculate the remainder when (-36)/((-7)/(105/10)) is divided by 31.
23
Let m be -9 + (1 - 0/(-3)). Let v(k) = -3*k - 11. Calculate the remainder when v(m) is divided by 5.
3
Suppose -10 = 2*c - 4*w, -5*w + 31 - 5 = 2*c. Let d(q) = -11*q + 59. What is the remainder when d(5) is divided by c?
1
Let d(l) = -2*l - 1. Let w be d(-2). Let r be 24/(-5)*(-200)/30. Suppose -w*y - r = -4*y. Calculate the remainder when y is divided by 17.
15
Let k(b) = -b**3 + 2*b**2 + b - 3. Let x be k(3). What is the remainder when 4/(-6) + (-339)/x is divided by 10?
7
Let a be (0 - (-3 - -2))*21. Let b = a + 17. Calculate the remainder when b is divided by 20.
18
Suppose 0 = -3*s - 0*s - 3*j, 5*j + 30 = 5*s. Let f be 272/6 - (-2)/s. Suppose -3*x + f = 5*y, -4*y + 31 = 11. What is the remainder when x is divided by 3?
1
Suppose 0 = -4*k + 3*a + 23, -4 + 11 = k - 2*a. Let j = 5 - -3. What is the remainder when j is divided by k?
3
Let y be (3/2)/(12/32). Suppose y*w = 3 + 13. Suppose -2*d + 3*d = 11. Calculate the remainder when d is divided by w.
3
Suppose 0 = -4*i - 8*i + 660. What is the remainder when i is divided by 19?
17
Let v = 12 + -9. Let b(x) = -x**2 - 4*x + 3. Calculate the remainder when v is divided by b(-4).
0
Let m be 4*(-1 - (-52)/8). Let x = 39 - m. Calculate the remainder when 47 is divided by x.
13
Suppose 0 = y + 18 + 4. Let l = 11 - y. Calculate the remainder when l is divided by 17.
16
Let o(z) = -7*z - 6. What is the remainder when 56 is divided by o(-5)?
27
Let q(j) = j**2 - 8*j - 16. Let h(x) = -12 - x - 7*x - 3 + x**2. Let c(r) = -6*h(r) + 5*q(r). Calculate the remainder when 49 is divided by c(7).
15
Suppose 0 = h - 2*l - 36, 0 = 2*h - 0*h - 5*l - 73. What is the remainder when h is divided by 6?
4
Suppose -23 = -3*d - 5. Suppose -86 = -d*q + 4*q. What is the remainder when q is divided by 15?
13
Let f(h) = h**2 - 17*h - 28. Calculate the remainder when 33 is divided by f(19).
3
Suppose 28 = 2*v + v + f, 2*f - 48 = -5*v. What is the remainder when 23 is divided by v?
7
Suppose 7*g - 9*g = -10. Calculate the remainder when g is divided by 2.
1
Suppose -4*r + 2*r - 2 = 0, -14 = -3*y + 2*r. Suppose 4 = 6*b - y*b. Calculate the remainder when 2 is divided by b.
0
Suppose 7*c + 0 - 14 = 0. What is the remainder when 8 is divided by c?
0
Suppose -h + 6*h = 70. Let n be -1 + 0 + 153/3. Let a = n - -4. What is the remainder when a is divided by h?
12
Let d(y) = 2*y - 8. Let a(u) = u - 4. Let c(v) = 10*a(v) - 6*d(v). Calculate the remainder when 58 is divided by c(-6).
18
Let z(r) = -3*r**2 - 35*r - 2. What is the remainder when z(-11) is divided by 6?
2
Suppose 5*x = k + 22, -3*k + 14 = x - 0. Calculate the remainder when 19 is divided by x.
4
Let i(n) = 6*n + 2. Let d(m) = m**2 + 4*m. Let v = -17 - -12. Calculate the remainder when i(2) is divided by d(v).
4
Suppose -2*o + 0*o = -6. Suppose j = f + 13, o*f + 3 = -0*j - j. What is the remainder whe